{"id":134,"date":"2024-07-05T12:43:56","date_gmt":"2024-07-05T10:43:56","guid":{"rendered":"https:\/\/eloquentia-paris.com\/?page_id=134"},"modified":"2024-09-20T19:01:16","modified_gmt":"2024-09-20T17:01:16","slug":"interpretation-assermentee","status":"publish","type":"page","link":"https:\/\/eloquentia-paris.com\/index.php\/nos-services\/interpretation-assermentee\/","title":{"rendered":"Interpr\u00e9tation chuchot\u00e9e \/ asserment\u00e9e"},"content":{"rendered":"\n<p>Une fois encore, peu de myst\u00e8re ici puisque, pour le mode d&#8217;interpr\u00e9tation chuchot\u00e9e, l&#8217;interpr\u00e8te traduira la langue de d\u00e9part de l&#8217;orateur vers la langue d&#8217;arriv\u00e9e en chuchotant \u00e0 l&#8217;oreille d&#8217;un \u00e0 quatre participants maximum. L&#8217;interpr\u00e8te est par cons\u00e9quent plac\u00e9 \u00e0 c\u00f4t\u00e9 du\/des participants ou l\u00e9g\u00e8rement en retrait.<\/p>\n\n\n\n<p><strong>Pourquoi choisir ce mode d&#8217;interpr\u00e9tation ? <\/strong><\/p>\n\n\n\n<p>Vous \u00eates un particulier ? <strong>Votre notaire requiert la pr\u00e9sence d&#8217;un.e interpr\u00e8te pour la signature d&#8217;un acte notari\u00e9 ? <\/strong><\/p>\n\n\n\n<div class=\"wp-block-media-text is-stacked-on-mobile\"><figure class=\"wp-block-media-text__media\"><img loading=\"lazy\" decoding=\"async\" width=\"1024\" height=\"707\" src=\"http:\/\/eloquentia-paris.com\/wp-content\/uploads\/2024\/09\/iStock-146005421_alancrosthwaite-1024x707.jpg\" alt=\"\" class=\"wp-image-286 size-full\" srcset=\"https:\/\/eloquentia-paris.com\/wp-content\/uploads\/2024\/09\/iStock-146005421_alancrosthwaite-1024x707.jpg 1024w, https:\/\/eloquentia-paris.com\/wp-content\/uploads\/2024\/09\/iStock-146005421_alancrosthwaite-300x207.jpg 300w, https:\/\/eloquentia-paris.com\/wp-content\/uploads\/2024\/09\/iStock-146005421_alancrosthwaite-2000x1381.jpg 2000w\" sizes=\"auto, (max-width: 1024px) 100vw, 1024px\" \/><\/figure><div class=\"wp-block-media-text__content\">\n<p>Qu&#8217;il s&#8217;agisse d&#8217;une promesse de vente, d&#8217;un acte de vente, d&#8217;un contrat de mariage, d&#8217;un divorce, d&#8217;une succession ou autre, nous serons l\u00e0 pour vous accompagner lors de ce rendez-vous gr\u00e2ce \u00e0 la distinction &#8220;<strong>Traducteur Interpr\u00e8te Expert pr\u00e8s la Cour d&#8217;Appel<\/strong>&#8220;.<\/p>\n\n\n\n<p>Dans ce cadre, il convient non seulement de faire appel \u00e0 un professionnel, mais celui-ci doit de surcro\u00eet avoir \u00e9t\u00e9 agr\u00e9\u00e9 aupr\u00e8s des autorit\u00e9s comp\u00e9tentes. Il engage ainsi sa <strong>responsabilit\u00e9 juridique<\/strong> en son nom propre afin de <strong>certifier<\/strong> les propos traduits lors de votre rendez-vous notarial.<\/p>\n<\/div><\/div>\n\n\n\n<p><\/p>\n\n\n\n<div class=\"wp-block-media-text alignfull has-media-on-the-right is-stacked-on-mobile is-vertically-aligned-bottom\"><div class=\"wp-block-media-text__content\">\n<p>Vous \u00eates une entreprise ? <\/p>\n\n\n\n<p><\/p>\n\n\n\n<p>Vous organisez une conf\u00e9rence ou une r\u00e9union dans une langue principalement, mais que l&#8217;un de vos orateurs ou l&#8217;un (ou deux \u00e0 quatre maximum) de vos participants dans l&#8217;assembl\u00e9e ne comprend pas la langue en question, alors ce mode est fait pour vous !<\/p>\n\n\n\n<p><\/p>\n\n\n\n<p><\/p>\n<\/div><figure class=\"wp-block-media-text__media\"><img loading=\"lazy\" decoding=\"async\" width=\"1024\" height=\"683\" src=\"http:\/\/eloquentia-paris.com\/wp-content\/uploads\/2024\/09\/iStock-1301017462_SeventyFour-1024x683.jpg\" alt=\"\" class=\"wp-image-285 size-full\" srcset=\"https:\/\/eloquentia-paris.com\/wp-content\/uploads\/2024\/09\/iStock-1301017462_SeventyFour-1024x683.jpg 1024w, https:\/\/eloquentia-paris.com\/wp-content\/uploads\/2024\/09\/iStock-1301017462_SeventyFour-300x200.jpg 300w, https:\/\/eloquentia-paris.com\/wp-content\/uploads\/2024\/09\/iStock-1301017462_SeventyFour-2000x1333.jpg 2000w\" sizes=\"auto, (max-width: 1024px) 100vw, 1024px\" \/><\/figure><\/div>\n\n\n\n<div class=\"wp-block-columns is-layout-flex wp-container-core-columns-is-layout-28f84493 wp-block-columns-is-layout-flex\">\n<div class=\"wp-block-column is-layout-flow wp-block-column-is-layout-flow\">\n<p><\/p>\n\n\n\n<p><strong>Ses avantages ?<\/strong><\/p>\n\n\n\n<p>1. Il ne n\u00e9cessite pas d&#8217;\u00e9quipement technique <\/p>\n\n\n\n<p>2. Il vous fait gagner du temps par rapport au mode d&#8217;interpr\u00e9tation cons\u00e9cutive <\/p>\n\n\n\n<p>3. C&#8217;est un mode tr\u00e8s flexible, adaptable \u00e0 presque tout type d&#8217;\u00e9v\u00e9nement (r\u00e9union, d\u00e9jeuner\/d\u00eener, mariage, salon, etc&#8230;).<\/p>\n<\/div>\n\n\n\n<div class=\"wp-block-column is-layout-flow wp-block-column-is-layout-flow\">\n<p><\/p>\n\n\n\n<p><strong>Ses inconv\u00e9nients ?<\/strong><\/p>\n\n\n\n<p>1. La proximit\u00e9 entre l\u2019interpr\u00e8te et le(s) participant(s) <\/p>\n\n\n\n<p>2. Ne convient pas \u00e0 un public trop large (plus de 3 participants) <\/p>\n\n\n\n<p>3. C&#8217;est un mode \u00e0 proscrire avec des participants ayant des difficult\u00e9s auditives <\/p>\n\n\n\n<p>4. Les conditions sonores sont souvent peu id\u00e9ales pour l&#8217;interpr\u00e8te.<\/p>\n<\/div>\n<\/div>\n\n\n\n<p><\/p>\n\n\n\n<p><\/p>\n\n\n\n<p><\/p>\n\n\n\n<p><\/p>\n\n\n\n<p><\/p>\n\n\n\n<p><\/p>\n","protected":false},"excerpt":{"rendered":"<p>Une fois encore, peu de myst\u00e8re ici puisque, pour le mode d&#8217;interpr\u00e9tation chuchot\u00e9e, l&#8217;interpr\u00e8te traduira la langue de d\u00e9part de l&#8217;orateur vers la langue d&#8217;arriv\u00e9e en chuchotant \u00e0 l&#8217;oreille d&#8217;un \u00e0 quatre participants maximum. L&#8217;interpr\u00e8te est par cons\u00e9quent plac\u00e9 \u00e0 c\u00f4t\u00e9 du\/des participants ou l\u00e9g\u00e8rement en retrait. Pourquoi choisir ce mode d&#8217;interpr\u00e9tation ? Vous \u00eates &hellip; <\/p>\n<p class=\"link-more\"><a href=\"https:\/\/eloquentia-paris.com\/index.php\/nos-services\/interpretation-assermentee\/\" class=\"more-link\">Read more<span class=\"screen-reader-text\"> &#8220;Interpr\u00e9tation chuchot\u00e9e \/ asserment\u00e9e&#8221;<\/span><\/a><\/p>\n","protected":false},"author":1,"featured_media":0,"parent":113,"menu_order":4,"comment_status":"closed","ping_status":"closed","template":"","meta":{"om_disable_all_campaigns":false,"_monsterinsights_skip_tracking":false,"_monsterinsights_sitenote_active":false,"_monsterinsights_sitenote_note":"","_monsterinsights_sitenote_category":0,"inspiro_hide_title":false,"footnotes":""},"class_list":["post-134","page","type-page","status-publish","hentry"],"aioseo_notices":[],"jetpack_sharing_enabled":true,"_links":{"self":[{"href":"https:\/\/eloquentia-paris.com\/index.php\/wp-json\/wp\/v2\/pages\/134","targetHints":{"allow":["GET"]}}],"collection":[{"href":"https:\/\/eloquentia-paris.com\/index.php\/wp-json\/wp\/v2\/pages"}],"about":[{"href":"https:\/\/eloquentia-paris.com\/index.php\/wp-json\/wp\/v2\/types\/page"}],"author":[{"embeddable":true,"href":"https:\/\/eloquentia-paris.com\/index.php\/wp-json\/wp\/v2\/users\/1"}],"replies":[{"embeddable":true,"href":"https:\/\/eloquentia-paris.com\/index.php\/wp-json\/wp\/v2\/comments?post=134"}],"version-history":[{"count":12,"href":"https:\/\/eloquentia-paris.com\/index.php\/wp-json\/wp\/v2\/pages\/134\/revisions"}],"predecessor-version":[{"id":529,"href":"https:\/\/eloquentia-paris.com\/index.php\/wp-json\/wp\/v2\/pages\/134\/revisions\/529"}],"up":[{"embeddable":true,"href":"https:\/\/eloquentia-paris.com\/index.php\/wp-json\/wp\/v2\/pages\/113"}],"wp:attachment":[{"href":"https:\/\/eloquentia-paris.com\/index.php\/wp-json\/wp\/v2\/media?parent=134"}],"curies":[{"name":"wp","href":"https:\/\/api.w.org\/{rel}","templated":true}]}}