{"id":136,"date":"2024-07-05T12:51:17","date_gmt":"2024-07-05T10:51:17","guid":{"rendered":"https:\/\/eloquentia-paris.com\/?page_id=136"},"modified":"2024-09-24T17:36:27","modified_gmt":"2024-09-24T15:36:27","slug":"traduction-ecrite","status":"publish","type":"page","link":"https:\/\/eloquentia-paris.com\/index.php\/nos-services\/traduction-ecrite\/","title":{"rendered":"Traduction \u00e9crite"},"content":{"rendered":"\n<figure class=\"wp-block-gallery has-nested-images columns-default is-cropped wp-block-gallery-1 is-layout-flex wp-block-gallery-is-layout-flex\">\n<figure class=\"wp-block-image size-large\"><img loading=\"lazy\" decoding=\"async\" width=\"1024\" height=\"655\" data-id=\"188\" src=\"https:\/\/eloquentia-paris.com\/wp-content\/uploads\/2024\/07\/iStock-505753884_djedzura-1-1024x655.jpg\" alt=\"\" class=\"wp-image-188\" srcset=\"https:\/\/eloquentia-paris.com\/wp-content\/uploads\/2024\/07\/iStock-505753884_djedzura-1-1024x655.jpg 1024w, https:\/\/eloquentia-paris.com\/wp-content\/uploads\/2024\/07\/iStock-505753884_djedzura-1-300x192.jpg 300w, https:\/\/eloquentia-paris.com\/wp-content\/uploads\/2024\/07\/iStock-505753884_djedzura-1-2000x1279.jpg 2000w\" sizes=\"auto, (max-width: 1024px) 100vw, 1024px\" \/><figcaption class=\"wp-element-caption\"><a href=\"https:\/\/eloquentia-paris.com\/index.php\/nos-services\/traduction-ecrite\/traduction-assermentee\/\" target=\"_blank\" rel=\"noopener\" title=\"\">Traduction asserment\u00e9e<\/a><\/figcaption><\/figure>\n\n\n\n<figure class=\"wp-block-image size-large\"><img loading=\"lazy\" decoding=\"async\" width=\"612\" height=\"408\" data-id=\"277\" src=\"https:\/\/eloquentia-paris.com\/wp-content\/uploads\/2024\/09\/istockphoto-1146512646-612x612-1.jpg\" alt=\"\" class=\"wp-image-277\" srcset=\"https:\/\/eloquentia-paris.com\/wp-content\/uploads\/2024\/09\/istockphoto-1146512646-612x612-1.jpg 612w, https:\/\/eloquentia-paris.com\/wp-content\/uploads\/2024\/09\/istockphoto-1146512646-612x612-1-300x200.jpg 300w\" sizes=\"auto, (max-width: 612px) 100vw, 612px\" \/><figcaption class=\"wp-element-caption\"><a href=\"https:\/\/eloquentia-paris.com\/index.php\/nos-services\/traduction-ecrite\/traduction-generaliste-et-specialiste\/\" target=\"_blank\" rel=\"noopener\" title=\"\">Traduction g\u00e9n\u00e9raliste et sp\u00e9cialis\u00e9e<\/a><\/figcaption><\/figure>\n<\/figure>\n\n\n\n<p><\/p>\n","protected":false},"excerpt":{"rendered":"","protected":false},"author":1,"featured_media":0,"parent":113,"menu_order":5,"comment_status":"closed","ping_status":"closed","template":"","meta":{"om_disable_all_campaigns":false,"_monsterinsights_skip_tracking":false,"_monsterinsights_sitenote_active":false,"_monsterinsights_sitenote_note":"","_monsterinsights_sitenote_category":0,"inspiro_hide_title":false,"footnotes":""},"class_list":["post-136","page","type-page","status-publish","hentry"],"aioseo_notices":[],"jetpack_sharing_enabled":true,"_links":{"self":[{"href":"https:\/\/eloquentia-paris.com\/index.php\/wp-json\/wp\/v2\/pages\/136","targetHints":{"allow":["GET"]}}],"collection":[{"href":"https:\/\/eloquentia-paris.com\/index.php\/wp-json\/wp\/v2\/pages"}],"about":[{"href":"https:\/\/eloquentia-paris.com\/index.php\/wp-json\/wp\/v2\/types\/page"}],"author":[{"embeddable":true,"href":"https:\/\/eloquentia-paris.com\/index.php\/wp-json\/wp\/v2\/users\/1"}],"replies":[{"embeddable":true,"href":"https:\/\/eloquentia-paris.com\/index.php\/wp-json\/wp\/v2\/comments?post=136"}],"version-history":[{"count":5,"href":"https:\/\/eloquentia-paris.com\/index.php\/wp-json\/wp\/v2\/pages\/136\/revisions"}],"predecessor-version":[{"id":428,"href":"https:\/\/eloquentia-paris.com\/index.php\/wp-json\/wp\/v2\/pages\/136\/revisions\/428"}],"up":[{"embeddable":true,"href":"https:\/\/eloquentia-paris.com\/index.php\/wp-json\/wp\/v2\/pages\/113"}],"wp:attachment":[{"href":"https:\/\/eloquentia-paris.com\/index.php\/wp-json\/wp\/v2\/media?parent=136"}],"curies":[{"name":"wp","href":"https:\/\/api.w.org\/{rel}","templated":true}]}}