{"id":321,"date":"2024-09-19T10:59:07","date_gmt":"2024-09-19T08:59:07","guid":{"rendered":"https:\/\/eloquentia-paris.com\/?page_id=321"},"modified":"2024-09-20T11:37:50","modified_gmt":"2024-09-20T09:37:50","slug":"a-propos","status":"publish","type":"page","link":"https:\/\/eloquentia-paris.com\/","title":{"rendered":""},"content":{"rendered":"\n<div class=\"wp-block-cover alignfull\" style=\"min-height:100vh;aspect-ratio:unset;\"><span aria-hidden=\"true\" class=\"wp-block-cover__background has-background-dim\"><\/span><img loading=\"lazy\" decoding=\"async\" width=\"683\" height=\"1024\" class=\"wp-block-cover__image-background wp-image-110\" alt=\"\" src=\"https:\/\/eloquentia-paris.com\/wp-content\/uploads\/2024\/07\/iStock-1404775306-1-683x1024.jpg\" data-object-fit=\"cover\" srcset=\"https:\/\/eloquentia-paris.com\/wp-content\/uploads\/2024\/07\/iStock-1404775306-1-683x1024.jpg 683w, https:\/\/eloquentia-paris.com\/wp-content\/uploads\/2024\/07\/iStock-1404775306-1-200x300.jpg 200w, https:\/\/eloquentia-paris.com\/wp-content\/uploads\/2024\/07\/iStock-1404775306-1-2000x3000.jpg 2000w, https:\/\/eloquentia-paris.com\/wp-content\/uploads\/2024\/07\/iStock-1404775306-1-scaled.jpg 1707w\" sizes=\"auto, (max-width: 683px) 100vw, 683px\" \/><div class=\"wp-block-cover__inner-container is-layout-flow wp-block-cover-is-layout-flow\">\n<h2 class=\"wp-block-heading has-text-align-center has-large-font-size\"><strong>\u00c0 propos<\/strong><\/h2>\n\n\n\n<p><\/p>\n\n\n\n<p class=\"has-text-align-center\" style=\"font-size:clamp(14.642px, 0.915rem + ((1vw - 3.2px) * 0.651), 22px);\"><strong>Eloquentia Language Services<\/strong> est une soci\u00e9t\u00e9 sp\u00e9cialis\u00e9e dans la traduction orale ou interpr\u00e9tation de conf\u00e9rence, pour faire de vos \u00e9v\u00e9nements internationaux une r\u00e9ussite&nbsp;!<\/p>\n\n\n\n<p class=\"has-text-align-center\" style=\"font-size:clamp(14.642px, 0.915rem + ((1vw - 3.2px) * 0.651), 22px);\">Gr\u00e2ce \u00e0 l&#8217;interpr\u00e9tation, intervenants et participants de tous horizons parlent d&#8217;une seule voix tout en communiquant dans diff\u00e9rentes langues. L\u2019objectif de tout professionnel de l\u2019interpr\u00e9tation est de faire oublier sa pr\u00e9sence, de s\u2019\u00e9clipser au profit d&#8217;une communication fluide et ininterrompue lors de vos manifestations multilingues.<\/p>\n\n\n\n<p class=\"has-text-align-center\" style=\"font-size:clamp(14.642px, 0.915rem + ((1vw - 3.2px) * 0.651), 22px);\">Finis les \u00e9cueils, les quiproquo et autres incompr\u00e9hensions dus \u00e0 des maladresses de langue, gr\u00e2ce \u00e0 nos linguistes de haut vol \u00e0 l&#8217;expertise culturelle sans pareille, qui b\u00e2tissent des ponts entre diff\u00e9rentes nationalit\u00e9s. Car l\u2019interpr\u00e9tation va au-del\u00e0 des mots. Il s\u2019agit de comprendre les id\u00e9es, l\u2019humour, les \u00e9motions, l\u2019implicite, les r\u00e9f\u00e9rences culturelles et bien plus encore, tout en les restituant fid\u00e8lement dans une autre langue.<\/p>\n\n\n\n<p class=\"has-text-align-center\" style=\"font-size:clamp(14.642px, 0.915rem + ((1vw - 3.2px) * 0.651), 22px);\">Recruter des interpr\u00e8tes apporte une valeur ajout\u00e9e \u00e0 vos \u00e9v\u00e9nements&nbsp;! Comptez sur nous pour nous faire les vecteurs de votre communication en toute transparence&nbsp;!<\/p>\n<\/div><\/div>\n","protected":false},"excerpt":{"rendered":"","protected":false},"author":1,"featured_media":0,"parent":0,"menu_order":0,"comment_status":"closed","ping_status":"closed","template":"","meta":{"om_disable_all_campaigns":false,"_monsterinsights_skip_tracking":false,"_monsterinsights_sitenote_active":false,"_monsterinsights_sitenote_note":"","_monsterinsights_sitenote_category":0,"inspiro_hide_title":false,"footnotes":""},"class_list":["post-321","page","type-page","status-publish","hentry"],"aioseo_notices":[],"jetpack_sharing_enabled":true,"_links":{"self":[{"href":"https:\/\/eloquentia-paris.com\/index.php\/wp-json\/wp\/v2\/pages\/321","targetHints":{"allow":["GET"]}}],"collection":[{"href":"https:\/\/eloquentia-paris.com\/index.php\/wp-json\/wp\/v2\/pages"}],"about":[{"href":"https:\/\/eloquentia-paris.com\/index.php\/wp-json\/wp\/v2\/types\/page"}],"author":[{"embeddable":true,"href":"https:\/\/eloquentia-paris.com\/index.php\/wp-json\/wp\/v2\/users\/1"}],"replies":[{"embeddable":true,"href":"https:\/\/eloquentia-paris.com\/index.php\/wp-json\/wp\/v2\/comments?post=321"}],"version-history":[{"count":3,"href":"https:\/\/eloquentia-paris.com\/index.php\/wp-json\/wp\/v2\/pages\/321\/revisions"}],"predecessor-version":[{"id":361,"href":"https:\/\/eloquentia-paris.com\/index.php\/wp-json\/wp\/v2\/pages\/321\/revisions\/361"}],"wp:attachment":[{"href":"https:\/\/eloquentia-paris.com\/index.php\/wp-json\/wp\/v2\/media?parent=321"}],"curies":[{"name":"wp","href":"https:\/\/api.w.org\/{rel}","templated":true}]}}